 be o(u). Let d be (-330)/(-27) - 12/h. Calculate the greatest common divisor of 24 and d.
12
Let q = -76 - -126. Suppose 0 = 3*f + c + 7, 3*f - f = -4*c + 2. Let z be (f/9)/((-8)/120). Calculate the highest common divisor of q and z.
5
Let q be ((-6)/(-24)*0)/(2*-2). Suppose 3*g - 13 + 1 = m, q = 2*g + 3*m - 19. Suppose -g*z - 221 = -606. What is the greatest common factor of z and 11?
11
Suppose -22168 - 17162 = -19*g. Calculate the highest common divisor of 1150 and g.
230
Suppose -4*i - 5*l - 730 = 0, 0 = 5*i - 8*i + 5*l - 565. Let x = -151 - -42. Let y = x - i. What is the highest common divisor of y and 19?
19
Suppose 15*q - 16*q = -5. Suppose 5*n = -4*z - 1, z = q*z - 2*n + 22. Let s be (2 + 0)*((-14)/z + -1). What is the greatest common divisor of s and 20?
5
Let x be (2/(-5))/((-10)/25). Suppose 5*c + 52 - 62 = 0. Suppose 5*a = -5*b + 75, -c*b + 10*a - 15*a + 24 = 0. Calculate the highest common factor of b and x.
1
Let x = -308 + 436. Let j be (-18)/15*10/3. Let r be (-11)/((-55)/60) - j. What is the greatest common factor of r and x?
16
Let p = 28 + -22. Suppose -5*k + p = 6. Suppose k = -78*h + 83*h - 60. What is the greatest common divisor of 12 and h?
12
Let i = -226 + 388. Suppose -21*n + 18 = 5*y - 17*n, -4*y - 4*n = -12. Calculate the greatest common factor of i and y.
6
Let v(t) = -t**2 - 16*t + 2. Let p be v(-15). Let i(j) = -j**3 - 5*j + 4. Let s be i(3). Let h = p - s. Calculate the highest common divisor of 55 and h.
55
Let c be 17*19 - (-2)/2. Suppose 77*z = 78*z + 6 - 33. What is the greatest common divisor of c and z?
27
Let g = 51 + -45. Suppose 2*y = g*y - 20. Suppose -360 = -y*m + m. Calculate the greatest common divisor of 10 and m.
10
Suppose -1935 = -9*f + 1845. What is the greatest common divisor of f and 120?
60
Let w = 40 - 48. Let r be (((-220)/w - -2)*4)/2. Let b = r - 19. Calculate the greatest common divisor of b and 360.
40
Suppose 0 = 2*p + 3*t + 5, 0 = -p - 0*p + 4*t + 14. Suppose p*a - 3*w = 122 + 123, -a + 3*w + 130 = 0. What is the highest common factor of 69 and a?
23
Suppose -10*o = -17*o + 154. Let v = -21 + 24. Suppose 0 = 2*u - 4*b - 70, v*u + 6*b - b = 94. What is the greatest common factor of u and o?
11
Let r(l) = l**2 + 4*l - 23. Let a be r(17). Suppose -u - a = -v, -238 = -3*v + 4*u + 769. What is the highest common factor of 7 and v?
7
Let k = -968977 - -969019. Suppose 0 = -3*t - t, -h + t + 182 = 0. Calculate the greatest common divisor of h and k.
14
Let w(n) = -n + 2. Let d(m) = -6*m - 2. Let v(s) = -5*d(s) + 40*w(s). Let b be v(-4). Calculate the greatest common divisor of b and 104.
26
Let m = -107 + 178. Suppose -2*p + p - 62 = -3*l, 4*l - m = -p. Let z = 18 - -1. What is the highest common divisor of z and l?
19
Let z be 1*4*(-11)/(-4). Suppose -21*j = -5374 - 4832. Let r = j + -453. Calculate the greatest common divisor of r and z.
11
Let f be (-1035)/(-27) + 1/(-3). Let c be 36*(8/(-48) - (-2)/(-6)). Let k = f + c. Calculate the highest common divisor of 40 and k.
20
Let l be 13 + -19 + 20 + 176. What is the greatest common factor of l and 70?
10
Suppose 26 = 4*p - 3*n, -6 + 0 = 3*n. Suppose 0 = -p*r + d + 9, -13 = -r + 2*d + d. Calculate the greatest common divisor of r and 5.
1
Suppose o + 4*o - 10*k - 960 = 0, o - k - 198 = 0. What is the greatest common factor of o and 2516?
68
Suppose -35*c + 588 = -21*c. Let i = -54 + 159. What is the greatest common divisor of i and c?
21
Suppose -74777 = 823*o - 866*o. Calculate the highest common factor of 47 and o.
47
Let g(a) = -a**3 + 13*a**2 - 23*a + 12. Let v = -402 - -413. Let d be g(v). Calculate the greatest common factor of d and 16.
1
Suppose 6*k + 6 = 1314. Suppose -3*p - k + 578 = 0. What is the greatest common divisor of p and 200?
40
Suppose 0 = 77572*r - 77584*r + 2652. What is the highest common divisor of r and 2346?
17
Suppose 6 + 6 = 3*h. Suppose 4*m - 3*y = -33, -h*m - 5*y - 27 = -6*y. Let o be (-80)/5*33/m. What is the greatest common factor of 22 and o?
22
Suppose 91*q + 388 = -127*q + 412*q. Suppose 5*o - 27 = 4*l, 4 - 8 = -2*o + 5*l. What is the highest common factor of q and o?
1
Suppose 0*k - 35 = 7*k. Let a(b) = b**3 + 8*b**2 - 7*b - 5. Let t be a(k). What is the highest common divisor of 42 and t?
21
Suppose -5 = -4*t - 1, 0 = -2*n + t + 89. Suppose -267*k - 9967 + 25141 + 16866 = 0. Calculate the highest common divisor of n and k.
15
Let l(m) = m**3 - 7*m**2 + 37*m + 7. Let k be l(17). What is the highest common divisor of 86 and k?
86
Suppose 4*k + 3*j = 705, 2*k - 342 = -24*j + 26*j. Calculate the greatest common divisor of k and 5133.
87
Let c(g) = -7*g - 165. Let x be c(-25). Calculate the highest common divisor of 242 and x.
2
Let m be (-33)/(-27) + -1 - (-2045)/(-9). Let j = m + 254. Let h = 2 - -1. What is the highest common divisor of h and j?
3
Suppose -871*z + 876*z = 3*p - 428, -2*p = z - 281. What is the highest common factor of p and 3?
3
Let r = 35 + -30. Suppose 2*w - m = 6, -r*m - 3 = w - 17. Suppose -2*h = -w*h + 540. What is the greatest common divisor of h and 30?
30
Let p be 7/(-5) - 96/(-240). Let a be 71 + 1*(-2 + p). Calculate the greatest common divisor of a and 102.
34
Suppose 1374 = 25*x - 326. Calculate the greatest common divisor of 68 and x.
68
Let p be ((144/21)/2 + -3)*21. Suppose 0 = 2*k + a + 1, 0 = -3*k + 3*a + a + 26. What is the highest common divisor of p and k?
1
Let q be (-23494)/(-30) + 152/(-1140). What is the highest common divisor of q and 1479?
87
Let t be (-8*2)/((-5)/(-210)*-6). Let i be (-4)/3*420/(-8). What is the greatest common divisor of t and i?
14
Suppose -4*k - 4*i = -408, -510 = -5*k - i + 3*i. Suppose 0 = -262*y - 643*y + 18206 + 12564. What is the highest common factor of y and k?
34
Suppose -3*k - 5*q = 2*k - 85, 0 = -6*k - 4*q + 108. Let j(f) = 228*f + 2. Let x be j(1). What is the highest common factor of x and k?
10
Let t(k) = -8848*k**2 - 17718*k - 4. Let o be t(-2). Let s be 1279 - (-2 - (-1)/1). Calculate the greatest common divisor of s and o.
40
Let n(d) = d**2 - 6*d - 19. Let v be n(7). Let u be (-19 + 1)/(8/v). Suppose 0 = -3*b + 17 + 10. Calculate the greatest common factor of b and u.
9
Let p(a) = -a**3 - 19*a**2 + 9*a + 4. Let v(z) = -z**3 + 16*z**2 - 30*z + 8. Let j be v(14). Let u be p(j). What is the greatest common factor of u and 14?
14
Suppose -3458 - 942 = -25*o. Let b = o - 158. What is the greatest common factor of 99 and b?
9
Suppose 104*y - 216*y + 7344 = -103*y. Calculate the greatest common divisor of y and 96.
48
Suppose 0 = 26*t + 49 - 205. What is the greatest common factor of 606 and t?
6
Let j be (-1)/((-28)/664) - 4/(-14). Suppose -5*o + j + 6 = -3*f, 0 = -5*f. What is the greatest common factor of 33 and o?
3
Let r = 5118 + 860. What is the greatest common divisor of r and 49?
49
Let g be 2095/4*19832/670. Calculate the highest common divisor of 111 and g.
37
Let h be 2/(-7) - 340/(-14). Suppose 2*b - 456 - h = 0. Let p(j) = j**2 - 189*j + 1468. Let y be p(8). Calculate the highest common divisor of b and y.
20
Suppose 0 = -5*z + w - 0 + 11, -5*z + 6 = 4*w. Let f = 6 - 10. Let c be (z/f)/((-22)/572). Calculate the highest common divisor of c and 26.
13
Let x = -3 - -1. Let y(p) = -p - 2. Let w be y(x). Suppose w = -h + 3*m - 10, -m + 11 = 2*h - 4. Calculate the highest common divisor of 55 and h.
5
Suppose 145*o - 428*o = -1720640. What is the highest common factor of o and 128?
64
Let m(i) = i**2 + 20*i + 18. Let c be m(-9). Let t = c + 138. Calculate the highest common factor of 3 and t.
3
Let g(i) = 4*i + 86. Let n be g(0). Suppose -64 - n = -3*x + 3*a, 2*x - 110 = -3*a. Calculate the highest common factor of 117 and x.
13
Let v(k) = k**3 - 104*k**2 + 12*k - 471. Let f be v(104). Calculate the highest common factor of f and 111.
111
Let f be ((-14)/(-9))/((-13130)/(-1638) - 8). What is the greatest common factor of 2954 and f?
14
Let w be 4/((-6)/(-3)) + 383. Let y(z) = -52*z + 6733. Let k be y(128). What is the greatest common factor of w and k?
77
Suppose -4*v = v + 15, 3*v = -2*s + 313. Suppose 5*w + 69 = -4*y + 5*y, -4*y + s = 3*w. Let h = 45 - y. Calculate the greatest common divisor of 1 and h.
1
Let i be (4 - (10 + -11)) + 3 + 4249. What is the highest common factor of i and 693?
99
Suppose 8*p = 9*p + 96